ate -65 + (-16 + -86 - -221).
54
Calculate -63 + (-3 - (39 + -48) - (11 - -2)).
-70
What is the value of 22 - (-16 + 41) - 12?
-15
What is the value of (50 + -53 - (1 + -52)) + -13 + (2 - -3)?
40
5 + -58 + (316 - 308)
-45
8 + (-17 - (-2 + (-14 - -3))) + (8 - 0)
12
-37 + (144 - 95) - 36
-24
Evaluate -4 + 12 + -19 + (-2 - -2) + 55.
44
What is -21 + -45 + 16 + 40?
-10
What is (-8 - -12) + -228 + 201?
-23
-103 - (-77 + 48) - -2
-72
Calculate (41 - 1) + (2165 - 2214) - (40 - 2).
-47
Evaluate -13 + 19 + -49 + (1 - -7).
-35
What is the value of -11 + -16 + 24 - (27 - 2) - (-1 - 7)?
-20
Calculate (-8 - (-20 - -18) - -7) + 5 + -2 - 18.
-14
Calculate 3 - (-5 + 16 + -1 - 0 - (-2 - -7)).
-2
What is the value of (48 - 30) + -1 + -66 - (2 + (4 - -4))?
-59
Evaluate (39 - (7 - -3)) + -5 - 18.
6
(42 - 0) + (50 - 23 - 41) + 14
42
What is -288 - (-225 + -109) - (0 + -32)?
78
Evaluate -17 + 50 - 4 - 67.
-38
Calculate (11 - (1 + 11 + -12)) + 4.
15
What is the value of 86 + 23 + -30 + -5 + -16?
58
-35 + 87 + 51 - 93
10
Evaluate (13 - (0 - 0) - 18) + (-3 - -21) + -2.
11
-42 + 25 + 5 + 0 + 14 + 29 + -1
30
What is (-318 - -298) + (1 - 3) + 9 + 0 + -7?
-20
What is (2 - 0 - 10) + -2 + (-77 + 76 - 10)?
-21
What is the value of -220 - -186 - (-1 - 4)?
-29
Evaluate -5 + -23 + (144 - 166).
-50
Evaluate 86 + (88 - 154) + 64.
84
-12 - (32 - (47 + -39) - 157)
121
-29 + -3 + 9 - -11
-12
Calculate (9572 - 9707) + (126 - 2).
-11
What is the value of 30 + -21 + (-10 - -1) + 4 + -51?
-47
79 + -28 + (-1 - -1)
51
What is the value of 15 - (-21 + (32 - -1)) - (12 + -3)?
-6
Calculate (-2530 - -2498) + 23 + -1.
-10
What is -131 + -7 - -21 - -122?
5
-2245 - -2239 - (4 - 4 - (0 + 1) - 64)
59
What is the value of 6 - (1 - -4) - (65 + -74 - 12)?
22
(-76 + 3 - -55) + -13
-31
Calculate -20 + -32 + (-25 - -103) - -39.
65
What is the value of 13 + (8 - -1) + -13 - ((15 - -3) + 6)?
-15
Calculate -36 - (41 - (37 + -14) - 1).
-53
What is the value of -8 + 0 - (12 + -3 - -8)?
-25
Evaluate -31 + 17 + -8 + 29 - (-3 + -9).
19
What is (16 - (-7 - -4)) + 22 + (-2 - 16)?
23
What is 4 - (-73 - -66 - (-5 + 19))?
25
(36 - (72 - 108)) + -15
57
Calculate 89 + -3 + -21 - 16 - (-14 + -1).
64
Calculate (-8 - (-4 - 3) - (0 - -7)) + 12.
4
Evaluate (55 - 165 - -114) + 23.
27
Evaluate 6 + (-21 - 25) + -17.
-57
Evaluate -176 + 182 - (20 - (-12 + 4)).
-22
What is the value of (-80 - -46) + 34 + -19?
-19
-1 + (1 - -3 - 6) + 36 + (-400 - -393)
26
What is the value of -283 - (210 - 504) - ((1 - -1) + 22)?
-13
What is -84 + 61 + (-4 - -12) + -27 + 9?
-33
What is the value of 3 + -15 - (-19 + (63 - 16)) - -5?
-35
Calculate 0 + -4 + 38 + -513 + 442.
-37
What is the value of 54 - (-21 + 18 - (-6 + 2 - (15 + -10)))?
48
Calculate 1 + (15 + -22 - 3) + 22 + 5.
18
What is the value of 4638 + -4688 - (-1 - 84)?
35
Evaluate -47 - (-9 + -32) - (-6 - 1).
1
What is the value of 29 - (138 + -26 - 50)?
-33
Evaluate (322 + -315 - (0 + (5 - 3))) + -31.
-26
What is the value of -67 + (-21 - -58) + -25 + 7?
-48
Calculate (5 - (60 - 46)) + (100 - (4 - 3)) + -3.
87
74 + -64 + 55 + -79
-14
What is -66 + 0 + 1 + (-42 - -73 - -17) + -62?
-79
Calculate (2 - 1 - (66 - 76)) + (-30 - -78).
59
Evaluate -36 - (-1 + -30 + (224 - 212)) - 57.
-74
What is the value of -27 + (1 - 1) + (-3 - (-20 - (-19 + -4)))?
-33
Calculate (6860 - 7019) + (123 - -2).
-34
What is the value of 26 - 17 - 9 - (-14 + -49 + 7)?
56
Calculate -20 + -2 + (-57 - (-59 + -20)).
0
Evaluate (39 + 47 - (32 - 6)) + -11 + -1.
48
Calculate (-18 - 13) + 14 - (8 + -3 + -1).
-21
What is the value of (6 - 12) + 19 + 3 + (1 - 9)?
8
Evaluate -47 + 8 + 8 + 0 + -7 + 0 + -17.
-55
47 + 7 + 1 + (-1 - (-1 - -4) - 5)
46
(-51 - -8 - -80 - 187) + 16 + 1
-133
What is the value of -168 + 40 + 63 + 9?
-56
What is the value of 3 - (-12 + 24 - 35)?
26
Evaluate 41 - (-23 - -33 - (0 - -1)) - (0 - -13).
19
What is the value of -3 - ((2 + 4 - 11) + 10 - (53 - 50))?
-5
What is the value of -56 + (43 - -52) - (5 - 12)?
46
Evaluate (-91 + 56 - 12) + 28.
-19
30 + -76 - -30 - 0
-16
Calculate -15 + (810 - 833 - (-39 + -1)).
2
What is the value of 37 + (-78 - (1 + 20)) + -35?
-97
Calculate -3 + -19 + 82 + -47.
13
What is the value of -1 + (-11 - 0 - (5 - 23 - 1)) + -3?
4
Evaluate -18 + (-1 - -6) + -6 + -17 + 12.
-24
-9 - (96 - (-11 + -9 + 9 - (15 - 14)))
-117
Evaluate -3 - ((-31 - -24) + (6 - 14 - 2) + 2).
12
What is -6 + -27 + 2 + -4 - (-43 - (-61 - -21))?
-32
Calculate -22 + 34 + 2 + -17 + 14 - (-1 + -33).
45
-104 - ((-35 - 0) + (588 - 566))
-91
What is 20 + (-956 + 971 - (0 + 16))?
19
Evaluate -6 - (5 + -8) - (-28 - -9).
16
What is 6 - (3 + (-40 - (-62 + 43)))?
24
Evaluate (-6 - (-1 - 0)) + 2 + -19 + -3.
-25
Calculate 4 - (-10 - -2) - (-1 - 38).
51
Calculate (4 - -5 - (-44 - (14 + -65))) + (-124 - 3).
-125
What is (32 - 0) + -28 + -6 + 8?
6
What is 4 + -48 + 13 - -21 - -15?
5
Calculate 10 - -1 - (46 + -6 - 42).
13
What is -31 + 6 - 1 - -17 - (-17 - 0)?
8
Evaluate 18 + (13 - (12 - 0)) - (-6 + -2 + 12).
15
-15 + (54 + (22 - 14) - 11) - 17
19
Calculate (-10399 - -10386) + (24 - -1) + -1.
11
23 - 0 - (-229 + 227 - (6 - (16 + 4)))
11
What is -1 - (26 + (-42 - -20) - (-5 - -1 - -4))?
-5
What is -43 - (26 + -17 - 4 - (-2 - -11))?
-39
What is -16 + 18 - (112 + -97)?
-13
(-2645 - -2758) + -65 + 1
49
Evaluate (25 - (-1 - -17) - 24) + 25.
10
Evaluate (4 - (7 - (0 - -4))) + (45 - (10 - 9)).
45
34 - ((2 - 10) + (207 - 207))
42
What is the value of 12 + (-8 - 7) + 21 + -27 + (28 - 2)?
17
Evaluate 22 - (6 + -7 + 0 + 118 + -125).
30
15 + -40 - -7 - -18 - (-8 - (-7 - -3))
4
Calculate -54 - -5 - -159 - 54.
56
Calculate -7 + 21 - (146 + (-4 + 2 - -1)).
-131
((5 - 16) + 25 - 67) + -13 + 15
-51
What is the value of -18 + 23 + 4 + (11 + -33 - -5)?
-8
Evaluate 60 + (38 + 36 - 174).
-40
6 + (-21 - 5) + 5 + 64
49
((-8 - 10) + 20 - -39) + (-25 - -4)
20
Calculate 10 - (138 - (12 + -6) - 31).
-91
Evaluate 227 - 217 - (9 + 7).
-6
What is the value of -45 + (25 - -19) + 58?
57
35 + (-1 - -11) + -6 + -17 + 7 + 4
33
Evaluate 0 + (2 - 4) + 2 - (-2743 - -2730).
13
-133 + 167 - (-15 + -5 - 10)
64
What is the value of (10 - (2 + 0)) + -172 + 8 + 72?
-84
Evaluate 6 + (62 + -10 + -2 - 9) - (1 - -6).
40
What is -13 + 0 + 1 - (43 - (90 + -24 - 2))?
9
-59 - (-18 + 43) - -61
-23
7 + (39 - (-45 + 64)) + 3 + 0
30
Calculate -4 + -37 + (34 - -1).
-6
What is (-32 - -26) + 12 + -34 + 10?
-18
What is the value of 10 + -24 - -13 - (43 + -43)?
-1
Calculate 1 + -39 - (-2 - 4) - (13 + 1).
-46
Evaluate 6 - (-20 + 60 + -21) - (0 - (3 - 10)).
-20
Calculate 21 - (-15 + 55 + 1).
-20
-65 + (21 - 15) - (74 + -71)
-62
9 - ((20 - 18) + 13) - -11 - (118 - -5)
-118
Evaluate 21 + (13 + -12 - -7 - 20) + -35.
-26
What is the value of -138 + 56 + 20 - -18?
-44
Calculate 111 - (230 + -91) - (12 + 3).
-43
Evaluate 12 - (-43 + 18 + (-22 - 23) + (0 - 6)).
88
34 - (36 + 39 + (-30 - 24))
13
Calculate 2 + 13 - (-8 - -44 - 41).
20
Evaluate 28 + 6 + (9 - -17).
60
Calculate 35 + (2 - 0) + (-4 - ((12 - 12) + 0)).
33
-21 + 27 - 4 - -19 - 74
-53
Evaluate -9 + 3 + (3 - 2) + (-131 - -126).
-10
What is the value of (2 + 15 - (7 - (-3 + 3))) + -25?
-15
Evaluate -43 + 64 + -2 - (7 - 4 - 3 - -5).
14
Evaluate -4 - (-1 - (-3 + (-1 + -5 - 1))).
-13
Calculate (48 - 3) + -35 + 7 + 6.
23
What is the value of -13 + 27 + (-11 - 1) + (2 - 0) + -22?
-18
-121 - -174 - (178 - 21)
-104
What is 79 + (4 - 6) + -2237 + 2277?
117
What is 10 - (-13 + (-3 - (-3 - 2)) - (-234 + 171))?
-42
Evaluate (0 - -11) + (2 + 1 - (-10 - (52 + -40))).
36
Calculate 11 - (-59 - (-48 - 88)).
-66
What is 0 + 8 + -33 + 49 + -23 - (-16 + -4)?
21
What is (118 - (-84 - -41 - -39)) + -4?
118
What is the value of (12 - -7) + -43 - (3 + -84)?
57
Calculate -15 + (-14 + -16 + 30 + -10 - (-1 + -5)).
-19
Calculate -108 + -3 + -9 - -4 - (-3 - 6).
-107
What is -31 - (-20 + -36 + 8 + -60)?
77
42 + 50 + (-176 - -120)
36
Calculate -10 + 97 + (-7 + -16 - (-8 - (7 + -2))).
77
What is the value of (45 - -7) + -39 - (48 + 0 + 5)?
-40
Evaluate (10 - (-33 + 125 + -44)) + 95.
57
Calculate (279 - 277) + (0 - (32 - (4 + -4))).
-30
Evaluate (11 + 2 - 2) + (270 + -70 - 167).
44
Evaluate 173 - (-23 - (-50 + 21 + -43)).
124
What is the value of (-113 + 397 - 122) + -87?
75
21 - 12 - 13 - -3 - (3 + 1 + -35)
30
Evaluate (4 - ((-13 - -2) + -57)) + 3 + (-5 - -9).
7